0. Let i(x) = -76*x + 2. Let o be i(g). Let h = o - -133. Is h composite?
False
Suppose 0 = -5*w + 59 - 29. Is 1036/w*12/8 a composite number?
True
Let n = 217 + -134. Is n a composite number?
False
Suppose r = 6*r - 25. Suppose 0 = 5*w - t - 91, r*t = -4*w - 7 + 74. Let j = 101 + w. Is j a prime number?
False
Suppose 1337 = 2*u + 5*w, -2*u - 2*w + 484 = -868. Is u composite?
True
Is (-5)/20 - 4146861/(-68) a composite number?
True
Let y be (-20)/((-1)/1)*(-21)/(-12). Let g(k) = k**3 - k**2 - 1. Let s be g(4). Suppose s + y = r. Is r prime?
False
Let l = 11611 - 6992. Is l a prime number?
False
Suppose 20*n - 61725 = 25655. Is n prime?
False
Suppose -10*f - 33047 = -17*f. Is f prime?
True
Let p = 16 - 20. Let u = 7 + p. Is 467 - u*(-2)/3 a prime number?
False
Let n be ((-18)/(-4) - 4)*0. Suppose 4*q - 3 = o - 4*o, n = -4*q - 5*o - 3. Suppose -q*t + 13 = -2*t. Is t prime?
True
Let j(c) = c**2 + 16*c + 18. Let w be j(-16). Is 549/8 - w/(-48) prime?
False
Let l be 0 + 66/(-3) - -3. Let g = -14 - l. Suppose -3*s = -g - 202. Is s prime?
False
Let w = 6 - -4. Suppose 3*i + w = 1, 1919 = 2*a - 3*i. Suppose 7*j = 2*j + a. Is j a prime number?
True
Suppose -25*t = 3478 - 41553. Is t composite?
False
Let c(f) = -f**3 - 3*f**2 + f. Let r be c(-10). Suppose -v - v = -r. Suppose 8*g - 5*g - v = 0. Is g prime?
False
Let d(o) be the second derivative of 4*o**4/3 - o**3 - 6*o**2 - 11*o. Let u be d(-9). Let r = -689 + u. Is r composite?
True
Suppose 393*u = 403*u - 22710. Is u prime?
False
Is -2*(-51)/(-170) + (-186988)/(-5) composite?
False
Let n(s) = -111*s - 1. Suppose -2 = i + 6. Is n(i) composite?
False
Let f(v) be the second derivative of v**5/20 - 5*v**3/6 + 3*v**2 - v. Let g(y) be the first derivative of f(y). Is g(4) composite?
False
Is 4 - (-5617 - (12/3 - 2)) a composite number?
False
Let a = -299 + 183. Let c be (a/10)/(8/(-760)). Suppose -958 - c = -4*x. Is x a composite number?
True
Is 8/52 - 15822/(-78) a composite number?
True
Let c(t) = -48*t**3 + 6*t**2 - 9*t - 22. Let s(a) = 32*a**3 - 4*a**2 + 6*a + 15. Let f(m) = -5*c(m) - 7*s(m). Is f(6) composite?
False
Is (-2)/(-3)*-3*(-311045)/14 a composite number?
True
Let w(c) = -538*c - 15. Let d be w(-5). Let l = -1822 + d. Is l a composite number?
False
Let j be (-20)/6 + 6/(-9). Let z(k) = -47*k + 2. Let r be z(j). Suppose 261 + r = h. Is h prime?
False
Let r be 3/(-9) - (-44)/(-12). Let z(d) be the second derivative of -7*d**3/6 + 9*d**2/2 + 11*d. Is z(r) a composite number?
False
Let i be (-12)/9*(-12)/8. Let l = -14 + 14. Suppose -i*j + 140 = -l*j - u, -u = -2. Is j a prime number?
True
Suppose 0 = -2*p - 2*u + 2296, 2*p - 2299 = -u - 0*u. Is p a composite number?
False
Suppose 19*f - 154074 = 84452. Is f a composite number?
True
Suppose 0 = 6*y - 16*y + 114250. Let q = y + -7968. Is q a composite number?
False
Suppose -3*o = -1161 - 348. Let m(c) = 263*c + 7. Let u be m(3). Let l = u - o. Is l a prime number?
True
Suppose -3*m + 107 + 145 = 0. Let t be (-24)/m - 29542/(-7). Suppose -t = 5*n - 9*n. Is n a composite number?
True
Let g = 3442 - -11745. Is g a prime number?
True
Let o = 636 - 166. Suppose 0 = -k - 3*p + 11, -k + 5 = -4*p + 1. Suppose 3*w = -2*u + o, -k*u + w = -4*u - 940. Is u a prime number?
False
Suppose -4*y + t = -387, 0 = -y - t + 6*t + 92. Let g = -50 + y. Let q = -4 + g. Is q composite?
False
Let q = -21811 + 31218. Is q composite?
True
Let q = -15 - -15. Suppose 4*r = -q*r + 8028. Suppose 3*m - r = -510. Is m prime?
True
Is (-1)/3*(-13 + -17360) a prime number?
True
Let c = -495 + 39. Let m = 2863 + c. Is m a composite number?
True
Let l(s) = -7*s + 33. Let j be l(-16). Is -23 + j - (1*-1 - -4) composite?
True
Let m be (3/(-2))/((-36)/168). Let s = 31 + m. Suppose -4*t + s = -14. Is t composite?
False
Suppose 0 = -9*k + 5473 + 14156. Is k a composite number?
True
Let v be 14261/7 - 4/14. Suppose 4*t - 3*h - 1622 = 0, -5*t + v = 3*h - 2*h. Suppose -165 = -2*j + x, -3*x = 2*j + 3*j - t. Is j composite?
True
Let w(c) = 21*c**2 - c - 3. Let z be w(-4). Let f = z - -34. Is f prime?
False
Let m(n) = -6*n + 4783. Is m(0) a composite number?
False
Suppose 0 = 3*f + 2789 + 1477. Is -4 + 0 + f/(-6) composite?
False
Let n(t) = -25*t**3 + 4*t**2 + 6*t - 2. Suppose -j - 3*j = -12. Let y(g) = 24*g**3 - 4*g**2 - 6*g + 2. Let l(m) = j*n(m) + 2*y(m). Is l(-3) a prime number?
False
Let z(y) = -2*y + 2. Let c be z(3). Is (5423/(-22))/(2/c) a prime number?
False
Is (-2)/7 + (-24)/14 - -4845 prime?
False
Let v be (-60)/(-14) - -1 - (-18)/(-63). Suppose -118 = -0*y - 2*y + 2*a, -238 = -4*y + 2*a. Is 3/(y/88)*v a composite number?
True
Let p = -14 + 19. Suppose 3*n - 8992 = -p*t, -5*t + 954 = -4*n - 8045. Is t prime?
False
Let b be -2*(-4)/(24/(-2979)). Let r = -34 - b. Is r a prime number?
False
Suppose -382*t + 394*t - 33996 = 0. Is t prime?
True
Suppose 0 = -2*h + 47 + 21. Suppose -30*d + h*d = 4. Is d - (223/(-1) + 3) prime?
False
Suppose -4*b + 3*g = -661, 0 = 2*b + g - 6*g - 313. Suppose -3*q + 264 = z, 5*q - 3*q = -3*z + b. Is q composite?
False
Let a = 305 - -129. Suppose 5*q - 5*r - 2190 = 0, -3*r + a = q - 0*q. Is q a prime number?
False
Let w = 41 + -26. Is 2/w + 206901/405 a prime number?
False
Let b(j) = 2*j + 2. Let k(n) = 1. Let o(t) = -b(t) - k(t). Let w be o(-3). Suppose m - w*m = -178. Is m prime?
True
Let d be 1 - 130 - 0/(-2). Suppose 3*t = 4*l + 698, 0 = 5*l + 13 - 33. Let p = d + t. Is p a composite number?
False
Suppose -z - 7*f + 4038 = -5*f, -2*f = -3*z + 12130. Is z + -2 + -2 + -1 composite?
True
Let p(c) = -2*c - 2. Let o be p(-7). Let f = o + -9. Is (-2 + f + 36)*1 a prime number?
True
Let p(o) = -o**3 - 12*o**2 - 12*o - 14. Let r be p(-11). Is (3 + (-45)/10)/(r/674) composite?
False
Let p be ((-10)/8)/((-2)/8). Suppose 2*f - 175 = -p*l + 7*f, -l + 10 = 4*f. Suppose w - l = 49. Is w composite?
False
Suppose 2*q - 2*m - 16 = -7*m, q - 2*m = -1. Suppose -1094 = 2*o - q*o. Is o a composite number?
True
Suppose 1533 = -5*p - 0*p - 4*k, p + 313 = -4*k. Let x be 12/(-24)*(-1 - -1449). Let m = p - x. Is m composite?
False
Let u = -2919 - -4628. Is u composite?
False
Suppose -4*l - 3*n = -67, 3*n + 77 = 5*l - 0*n. Is 2836/l - (9/(-4))/3 prime?
False
Let v(p) = 6465*p + 152. Is v(3) prime?
False
Let n(z) = 18*z. Let s be n(1). Let h(o) = -o**3 + 22*o**2 + 20*o - 1. Is h(s) composite?
True
Let m = 5849 + -468. Is m a composite number?
False
Let v(o) = -59*o**2 - 5*o + 30. Let u be v(8). Is 5/(-2526*3/u - 2) composite?
True
Suppose 2*g - 196 = 6*g. Let o = g - -1004. Is o a composite number?
True
Let o be 3510/(-4 + 9) + 4. Let m = o + -72. Is m a composite number?
True
Suppose -5033 + 18714 = 2*v - 3*y, 5*v - 3*y - 34198 = 0. Is v composite?
True
Suppose -u + 1654 = u. Let n = u + -408. Is n composite?
False
Is 138/(-92)*88588/(-6) composite?
False
Let n(g) = g + 6. Let j = 7 - 1. Let t be n(j). Let c = -6 + t. Is c a composite number?
True
Let f be (0/(-6))/(-2 - -1)*1. Suppose 0 = -2*s - 0*s + 3*w + 1512, f = -2*s - 4*w + 1498. Is s a composite number?
True
Let f(h) = -h**3 - 4*h**2 + 5*h + 4. Let v be f(-5). Let t = -48 + 50. Suppose -v = 4*j, b = -t*b - 2*j + 379. Is b a prime number?
True
Let q = 8 - 3. Suppose q*u + 303 = 3*n, -3*n + 2*u + 206 = -n. Is (4/(-2))/((-4)/n) composite?
False
Let v(b) = -4*b**3 - 13*b**2 - 26*b + 2. Is v(-13) prime?
False
Suppose r + 12 = 7*r. Let p be (-1)/(r + (-396)/196). Suppose 589 + p = 2*o. Is o composite?
True
Suppose -4*p = 3*d - 38481, 5*d + 3*p - 6979 = 57156. Is d prime?
False
Suppose -1059 - 1158 = -5*a - d, -2*a = -d - 891. Is 4*12/16 + a a composite number?
True
Suppose 0*a - 800 = 2*l + a, -l - 400 = 2*a. Let t = -21 - l. Is t a prime number?
True
Let u(v) = -v**2 + 5*v - 3. Let j be u(3). Suppose -3*c - j = 0, -2*n + 2*c = 113 - 737. Is n prime?
True
Suppose -z - 68903 = 3*x, 2*x + 6*z - z + 45931 = 0. Let k be 4/(-10) + x/(-45). Is (14/(-3))/((-20)/k) a composite number?
True
Suppose 5*m = -r + 2, 2*m + m + 10 = r. Suppose -r + 2414 = s - w, 0 = -5*s - 2*w + 12056. Is s/12 + 1/6 a prime number?
False
Let k = 793 - 1241. Let i = k - -917. Is i a composite number?
True
Suppose 9*t - 13*t + 5352 = 0. Suppose -8*h + 2*h = -t. Is h composite?
False
Suppose -7 + 11 = 2*b. Let m be b - 1 - (-3 - -4). Suppose -f + m*f + 46 = 0. 